Give p(q).
5
Let p(c) = c + 2. Let m(q) = 2*q + 4. Let t = -6 + 19. Let y(x) = t*p(x) - 6*m(x). Determine y(-5).
-3
Suppose x + 12 - 32 = 2*w, 0 = 2*x - w - 25. Suppose 0 = 5*r + 5 + x. Let y(s) = -s**2 + s + 3. Calculate y(r).
-9
Let k(l) be the first derivative of l**2/2 - l + 2. Let q be k(-3). Let h(u) = -u - 1. Let i(p) = 3*p + 3. Let y(g) = -17*h(g) - 6*i(g). Give y(q).
3
Let y = 2 - 0. Let s(q) = y*q + 18 - 22 + q**2 + 0*q. Calculate s(-3).
-1
Let t(r) be the first derivative of -2 - 4*r**2 - 2*r**2 + 5*r**2. Let v be -18 + 17 - (1 + 0). What is t(v)?
4
Let i(u) = u**2 - u - 1. Let h(l) = -3 - l - 2 + 0*l**2 + 3*l**2. Let b(n) = h(n) - 4*i(n). Determine b(4).
-5
Suppose 0 = -v + 3*r + 5, 5*r = -5*v + 3*r + 8. Let k(m) = m**2 - 2*m + 5. Let u = 5 - 4. Let f(h) = h**2 - h + 1. Let p(z) = u*k(z) - 3*f(z). Give p(v).
-4
Suppose 3*g + 2 = -13. Let m(f) = -3 - 6*f + 1 - f**2 - 3. Calculate m(g).
0
Let z be (-4)/10 - 3/5. Let s(j) = -j**3 - j**2 - 1. What is s(z)?
-1
Let u(k) be the third derivative of k**5/12 + k**3/6 + 11*k**2. Give u(-1).
6
Let i(c) = -58*c + 5 + 117*c - 60*c. Determine i(9).
-4
Let v(l) = -l**2 - 2*l. Let c(t) = -1. Let o(b) = 3*c(b) - v(b). Let d be o(-3). Suppose 4*j = x - d*x - 8, j + 4*x = 15. Let n(k) = -k + 1. Determine n(j).
2
Let u(h) = -15 + 15 - 6*h**2. Suppose -2*x - x = -3. Let i = 0 - x. Calculate u(i).
-6
Let c(t) = -t. Let q(z) = 2*z + 1. Let o(r) = 3*c(r) + q(r). Suppose -5*w + w = -8. Suppose 12 = 2*h + w*h. Give o(h).
-2
Let p(k) = k**3 + k**2 - 2*k - 2. Let s(w) = 1 - w - 3 + 4 - 1. Let m be s(3). Calculate p(m).
-2
Let y be 6/4*(-2)/(-1). Suppose -13 = -y*w - 1. Let s(d) be the third derivative of d**6/120 - d**5/15 + d**4/24 + d**3/6 - 6*d**2 - 6*d. Give s(w).
5
Let t(d) be the second derivative of d**5/20 - 7*d**4/6 - d**2/2 - 38*d. What is t(14)?
-1
Let m(v) = 2*v**2 - 2*v - 4. Let g(i) = -4*i**2 + 3*i + 7. Let t(d) = 3*g(d) + 5*m(d). Give t(-2).
-5
Let v(l) = 7*l**3 - 6*l**2 - 11. Let c(d) be the first derivative of 5*d**4/2 - 3*d**3 - 16*d - 3. Let j(k) = -5*c(k) + 7*v(k). Give j(3).
3
Let a be -4*8/(-4)*1. Suppose 0 = 3*i - i - a. Let x(p) = p**3 - 5*p**2 + 6*p - 6. Determine x(i).
2
Suppose 0 = 31*j - 32*j + 6. Let x(m) = m**2 - 5*m - 7. Give x(j).
-1
Let w(i) = -i + 1. Suppose 5*f - 5 = 5*p - 20, p + 5*f + 3 = 0. Give w(p).
-1
Let p(h) = h**3 - 6*h**2 - h + 7. Let m = -10 - -10. Suppose -6 + m = -u. What is p(u)?
1
Let b(v) = -2*v - v + 3*v**2 + 5*v. Let w be 1/((-18)/(-4) - 5). Give b(w).
8
Let g(u) be the third derivative of 0 + 3*u**2 + 0*u + 1/60*u**5 + 2/3*u**3 + 1/6*u**4. Suppose -i + 2*r + 0*r = 2, -5 = 5*r. Determine g(i).
4
Suppose 4*w + 0*w = -8. Let j be w*2/((-8)/6). Let d(f) = f. Let g(r) = -4*r - 2. Let u(i) = 3*d(i) + g(i). What is u(j)?
-5
Let b(m) = m**2 + 5*m + 3. Let h(d) = -3*d + 6. Let y be h(4). Let i be (-28)/6 - y/9. What is b(i)?
-1
Let j(d) = -22*d + 6. Let a(k) = -15*k + 4. Let o(q) = 7*a(q) - 5*j(q). Let t(h) = -2 + 0 + 0 - h. Let c be t(-4). What is o(c)?
8
Let g(t) = -3*t**2 + t - 2. Let k(i) = -4*i**2 + i - 3. Let n(f) = 6*g(f) - 4*k(f). Let v = 5 - 7. Determine n(v).
-12
Suppose -2*g - 2 = -10. Let x(h) = -h + 0*h + 1 + 2. What is x(g)?
-1
Let l(x) = 2*x**3 + x**2. Suppose 2*c = -7*k + 12*k + 22, -17 = 3*c + 5*k. Determine l(c).
3
Let f(i) = -6*i**3 + 7*i**2 - 3*i + 3. Let s(z) = -z**3 + z - 1. Let j(m) = f(m) - 5*s(m). Calculate j(6).
-4
Let g(f) = -f**2 - 7*f. Let w be g(-4). Let u be (-18)/8 + w/(-16). Let n(x) = x - 3. Give n(u).
-6
Let u(n) = -n**3 + 2*n**2 + 3*n - 2. Suppose -3*m + 9 - 3 = 0. Give u(m).
4
Let t(v) be the third derivative of 0 + 3*v**2 + 0*v - 1/24*v**4 + 1/3*v**3. What is t(-5)?
7
Let p(c) = 7 + c**2 + 10 - 1. Calculate p(0).
16
Let z(q) = 12*q**3 - 2*q - 1. Let y be -1*2 + (1 - 0/4). Determine z(y).
-11
Let i(a) = -a - 1. Let y be i(-2). Let b(c) = c**3 + 3*c. Let r(h) = -h**3 - h + 1. Let o(n) = y*b(n) + 2*r(n). What is o(0)?
2
Let x(u) be the third derivative of -u**4/24 - u**3/3 + 4*u**2. Suppose -2*s = -r - s + 8, -2*r + 19 = -s. Let i = -15 + r. Calculate x(i).
2
Let x(a) = 6 + 0*a - 18 + 29 + a. Determine x(-12).
5
Let a(y) = -y. Let t(l) = -l + 7. Let h(k) = 2*a(k) - t(k). Give h(5).
-12
Let d be ((-12)/(-8))/(9/(-24)). Let p(q) = 2*q + 5. Give p(d).
-3
Let y(u) = -2*u - 2. Let q = 8 - 7. Let w be (-2 - -3)/1 + q. Calculate y(w).
-6
Let c(j) = -2*j**2 + 7*j + 7. Let b(g) = -3*g**2 + 13*g + 13. Let l(o) = 3*b(o) - 5*c(o). Suppose -2*q - 4 = -f, -q - 23 + 3 = 4*f. What is l(f)?
4
Let s(v) = v**3 + 0*v**3 + 6*v + 11*v**2 - 6*v**2 + 5. Let x(q) = -q. Let f(r) = -s(r) - 5*x(r). Determine f(-5).
0
Let z = 6 - 3. Suppose -3*t + 9 = 2*m, 8*t = 4*t + z*m - 5. Let r(w) = -1 - t - w**2 + 4. Determine r(2).
-2
Let v = -3 + 7. Let c(a) = 3*a**3 + 2*a**2 + 9*a + 4. Let u(t) = -4*t**3 - 2*t**2 - 10*t - 5. Let d(x) = v*u(x) + 5*c(x). Calculate d(4).
-12
Let z(t) = 16*t + 10. Let v(a) = 5*a + 3. Let d(l) = 20*v(l) - 6*z(l). What is d(-1)?
-4
Suppose 4 = v - 2. Suppose 0 = -v*d + d + 40. Suppose 3*c = -d - 1. Let h(l) = l**3 + 4*l**2 + 2*l + 2. What is h(c)?
5
Suppose -4*l = -4*h - 4, l = 1 + 2. Suppose -8*m - h = -6*m. Let x(n) = -n**3 + n**2 - 1. Determine x(m).
1
Let g be (-9)/4 + (-1)/(-4). Let k be (3/g)/(6/16). Let j(s) be the third derivative of -s**6/120 - s**5/15 - s**4/12 - s**3/2 + 8*s**2. Give j(k).
5
Suppose 21 = 4*x - 5*m, -2*m + 3*m + 5 = 0. Let i(q) = -5*q**3 - q**2 - q - 1. Give i(x).
4
Let k(i) = 4*i**3 - 11*i**2 - 4*i + 6. Let r(o) = -7*o**3 + 21*o**2 + 7*o - 13. Let n(v) = 5*k(v) + 3*r(v). Calculate n(8).
-1
Let q(j) = -j**3 + 2*j - 1. Let u be 1/((-3)/6) + 18. Suppose -4*l = u - 0. Let h be 5/(-10)*l/1. What is q(h)?
-5
Let r(x) = -x**3 - x**2 + x + 3. Let m be r(0). Let j(w) = w**m + 0*w**3 + 4 - 4*w**2 - 5*w + 5*w + w. What is j(3)?
-2
Suppose -1 + 2 = -n. Let g(a) = a - 1. Let p(x) = -x. Let w(k) = g(k) - p(k). What is w(n)?
-3
Suppose 0*w + 8 = -2*w. Let z = -1 - w. Let p(x) = -3*x + 3. What is p(z)?
-6
Let m(f) = -f + 9. Suppose -4*t + 18 = 8*v - 3*v, 18 = 2*v - 2*t. Determine m(v).
3
Let y be (16 - 6) + (-3 - 2). Let t(p) = -p**2 + 7*p - 6. Give t(y).
4
Let y(f) = f**2 + 5*f + 4. Suppose -d - 1 - 3 = 0. Calculate y(d).
0
Suppose o - 3*i + 1 = 0, 2*o = -3*o + i - 33. Let r(t) = -t**2 - 7*t + 7. Give r(o).
7
Suppose -20 = -5*m - 5*a, -1 = -0*m + 5*m - 2*a. Suppose -o + 4 = -m. Let n(x) = -5 - x + 10 - x. Calculate n(o).
-5
Let o(t) = -t**3 - 4*t**2 - t - 3. Let d be o(-4). Let r(w) = w**2 + 6*w - 4*w + 0*w - d + 4*w. Determine r(-6).
-1
Let o = 6 - 9. Let u = 4 + -4. Let w(a) = 3*a - 2*a**2 - a**3 - a**2 + u*a**2 + 0*a**3 + 4. Calculate w(o).
-5
Let m(h) = -3*h. Suppose 4*d - 2*d - 5*i = -13, -17 = 4*d - i. Let w = 2 + -7. Let g = d - w. Calculate m(g).
-3
Let q(r) = -r**3 + 2*r**2 + 3*r + 4. Let v be q(3). Suppose -1 = -v*j + 11. Let d(b) = b**2 - 3*b + 4. Determine d(j).
4
Let y(u) = -5*u - 2. Let s(v) = 2*v + 1. Let g(m) = -8*s(m) - 3*y(m). Let h = -4 - -8. Let k = 2 - h. Determine g(k).
0
Let q = 4 - 4. Suppose c - 4 = -q. Suppose 11 = -x + d + 3*d, -c*x + d = 14. Let n(g) = -2*g + 1. Calculate n(x).
7
Let v(i) = 3*i - 1. Suppose f + 5*x = -12, -2*f = -0*x + 4*x + 12. Let t be (-7)/(7/f) - 4. Calculate v(t).
-7
Let l(z) = -z**3 - 2*z**2 - z + 1. Let h be l(-2). Let m(y) = -7*y - 1. Determine m(h).
-22
Let s(w) be the third derivative of w**5/12 + w**4/12 - w**3/6 + 36*w**2 + 2. Let k be (0 + -2)*(-3)/6. What is s(k)?
6
Let u(q) = 3 + 3 - 2*q**2 + 14*q + 9 - 3*q**2. Let w(y) = -11*y**2 + 29*y + 31. Let i(k) = -13*u(k) + 6*w(k). Determine i(-6).
3
Let a(r) = -r. Let y(w) = -5*w - 5. Let p(j) = -4*a(j) + y(j). Calculate p(-4).
-1
Suppose -3*w = -0*w. Let r(v) = -v**3 - v**2 - 1. Calculate r(w).
-1
Let t(u) = -4*u**3 + 4*u**2 + u - 4. Let p(y) = 9*y**3 - 8*y**2 - 3*y + 9. Let k(f) = 3*p(f) + 7*t(f). Determine k(3).
2
Let w(f) = -2*f**2 - 21*f - 21. Let j(u) be the third derivative of -u**5/60 - 5*u**4/12 - 5*u**3/3 + 4*u**2. Let r(q) = -5*j(q) + 2*w(q). Calculate r(-6).
-4
Let n(o) be the second derivative of o**4/12 + 7*o**3/6 - o**2 + 8*o. What is n(-6)?
-8
Suppose -2*d + 3*u - u + 2 = 0, -5 = d - 3*u. Suppose 5*p + 11 = -5*s - d, -2*s = p + 8. Let h(v) = -p - 5*v**2 + 1 - 2*v + v - v**2. Determine h(-1).
-6
Let u(k) = 